vided by d.
11
Suppose -3 = -4*n + 53. What is the remainder when 166 is divided by n?
12
Suppose -17*p - 18 = -19*p. What is the remainder when 26 is divided by p?
8
Let j = -97 - -250. What is the remainder when j is divided by 39?
36
Suppose -682 = -4*x - 5*i, -2*x - 3*i + 344 = i. Suppose 5*f = -68 + x. Calculate the remainder when 79 is divided by f.
19
Let t = -192 + 342. Suppose 0 = -3*m - x - 41 + 131, -5*m - 3*x + t = 0. Suppose 0 = 4*u + m - 138. Calculate the remainder when u is divided by 14.
13
Let q = -3 + -6. Let d(y) = -y + 7. Suppose 0 = t - 11 + 5. Calculate the remainder when d(q) is divided by t.
4
Let w = 1 + -1. Suppose -t - 4*k = 1 - 0, -5*k = -4*t + 17. Suppose -t*h - 2*h - 2*c = -121, -3*h - 5*c + 65 = w. What is the remainder when 74 is divided by h?
24
Let v = 38 - 20. Suppose 0 = 2*u - 4*y - 14, 2*u + 4 = 3*y + 17. Calculate the remainder when u is divided by v/(0 - -3) + -2.
1
Suppose 0 = -2*c - 5*w, 2*c = -2*c + 4*w + 28. What is the remainder when 16 is divided by ((-3)/c)/(2/(-30))?
7
Suppose 4*b = c + 33, 5*b - 14 = -2*c + 11. Calculate the remainder when 25 is divided by b.
4
Calculate the remainder when 42 is divided by 9/(-3)*-5 - 0.
12
Suppose 4*k = -12 - 4. Let p = 5 - k. What is the remainder when 36 + 2/((-1)/1) is divided by p?
7
Let k = -14 - -8. Let r = 10 + k. What is the remainder when r is divided by 3?
1
Let h(k) = 21*k**2 - 2*k - 1. Let w = -2 - -2. Suppose w = -2*j + j - 1. Calculate the remainder when h(j) is divided by 8.
6
Suppose 25 = -j + 2*j. Let w = 25 + -12. Calculate the remainder when j is divided by w.
12
Let i = -67 - -137. What is the remainder when i is divided by 12?
10
Let g be 4/6 - 219/(-9). Suppose -4*l + 3*l + g = 0. Suppose -2*d + u + 9 = -2*u, -3*d + 33 = 2*u. What is the remainder when l is divided by d?
7
Let u = 9 + -1. Let t be (-2)/(-5) + (-171)/15. Calculate the remainder when u is divided by (1 - 0)*(-6 - t).
3
Let m(d) = d**3 - 4*d**2 + 3*d - 3. Suppose -2*r - 2*s - 4 = 0, r + 3*s + 14 = 6*r. Let l = r + 18. What is the remainder when m(5) is divided by l?
18
Suppose -2*t = -5*n + 27, t = -2*t - n + 2. What is the remainder when t/(0 + 1/(-75)) is divided by 19?
18
Suppose 3*m - 6 - 11 = 4*t, 5*t + 7 = -m. Calculate the remainder when (-2)/(-10) - (-56)/20 is divided by -3*1*t/3.
1
Let t = -1 + 38. What is the remainder when t is divided by 10?
7
Let j(q) = q**3 - 6*q**2 + 5*q + 4. Let r be j(5). Suppose r*x - 95 = -x. Calculate the remainder when x is divided by 3*-2*(-126)/108.
5
Suppose 0 = 4*w + 440 - 1840. Suppose w = 5*j - 5*u, -u + 260 = 4*j - 0*u. What is the remainder when j is divided by 17?
15
Let b = 9 - 4. Suppose 5 = -y + 14. Calculate the remainder when y is divided by b.
4
Let k(w) = -4*w**2 - 2*w - 8. Let p be k(-4). Let g = -10 - p. What is the remainder when g is divided by 19?
16
Suppose 2*p = -0*c + 2*c - 16, 4*p = 5*c - 44. Calculate the remainder when 42 is divided by c.
6
Let k = -13 - -3. Let m = k + 14. Calculate the remainder when 7 is divided by m.
3
Let f = -37 + 57. Let u(x) = -x**3 + 11*x**2 - 7*x - 19. Calculate the remainder when f is divided by u(10).
9
Suppose 3*v + 3*v = 258. What is the remainder when 123 is divided by v?
37
Let a(t) = t**2 + 2*t. Suppose 0 = 4*d - 4*v + v - 79, 0 = 2*d + v - 47. What is the remainder when d is divided by a(-4)?
6
Suppose -7*c + 146 = -43. What is the remainder when c is divided by 14?
13
Suppose -3*w - 13 = -4*w. Calculate the remainder when 24 is divided by w.
11
Let j = -209 + 374. Suppose 5*x = 4*m + 2*x - 248, -3*x + j = 3*m. Calculate the remainder when m is divided by 15.
14
Let l(u) = u**2 - 2*u - 3. Let r be l(-2). Suppose -4*b + r*b = 26. What is the remainder when 76 is divided by b?
24
What is the remainder when 100 is divided by (4 + (-352)/20)*5/(-2)?
32
Let n = -19 + 31. Suppose 8 = x - k, 4*k - n = -4*x + 36. Calculate the remainder when 37 is divided by x.
7
Let q(l) be the second derivative of -l**4/12 - 5*l**3/3 - 4*l**2 + 4*l. What is the remainder when q(-6) is divided by 6?
4
Let i(z) = 8*z**2 + 1. What is the remainder when 63 is divided by i(-2)?
30
Suppose 209 - 37 = 2*k. Suppose d = -4*m + 119, -3*d + 6*d = 9. What is the remainder when k is divided by m?
28
Let v(g) = 5*g**3 + 3*g**2 - 3*g + 1. What is the remainder when v(2) is divided by 12?
11
Let f(d) = 3*d**2 - 6*d - 1. Calculate the remainder when 25 is divided by f(-1).
1
Let y = 240 - 223. What is the remainder when 67 is divided by y?
16
Let y be (9 - 3) + 9/(-3). Suppose 0 = y*t - t - 10. Suppose -5*a + 2*b + 73 = 4*b, 2*b + t = a. What is the remainder when 38 is divided by a?
12
Let n be (6 - 3)/(3/7). Let p(l) = l**3 - 6*l**2 - 6*l + 6. Calculate the remainder when 25 is divided by p(n).
12
Let b(o) = o**3 + 6*o**2 - o + 1. What is the remainder when b(-6) is divided by 2?
1
Let o(b) = 32*b**2 + 1. What is the remainder when o(1) is divided by 4/(-4)*-10 + 2?
9
Suppose -12*c + 36 + 108 = 0. What is the remainder when 17 is divided by c?
5
Let u = 278 - 160. What is the remainder when u is divided by 40?
38
Let g(b) = 21*b - 9 + b**2 - 6*b + 2 - 2*b**2. Let f = -3 - -15. Calculate the remainder when g(f) is divided by 15.
14
Let f(r) = -6*r. Suppose 0*p = -p - 7. Calculate the remainder when f(p) is divided by 22.
20
Let h = 14 - 10. Let b(r) = 2*r**2 - 7*r - 2. Suppose -v = -4 - 1. Calculate the remainder when b(v) is divided by h.
1
Let c(y) = 4*y**2 + 1. Let v be c(1). Let s = 13 - v. Suppose 0 = -w - x + 16, 5*w + 4*x - 73 = 6*x. What is the remainder when w is divided by s?
7
Suppose 10*k + 10 - 100 = 0. What is the remainder when 89 is divided by k?
8
Let o be (18/8)/(3/8). Suppose -3*z = -o*z - 3*c + 36, 14 = z + 3*c. Let d(b) = b**2 + 7*b + 6. Calculate the remainder when z is divided by d(-7).
5
What is the remainder when 24 is divided by (-6)/33 - 285/(-55)?
4
Suppose 3*i = i + 86. Let c = -11 - -15. Suppose -2*x + 7*m - 4*m + 27 = 0, x - c*m - 11 = 0. What is the remainder when i is divided by x?
13
Suppose -2*l - 56 = -5*d, -4*d + l + 6 = -37. Calculate the remainder when 32 is divided by d.
2
Suppose 2*z + 3*z = -3*a + 22, -3*a - 4*z + 26 = 0. What is the remainder when 40 is divided by a?
12
Let q(c) = c**2 + c - 1. Let b(r) = -7*r**2 + 3*r + 17. Let y(n) = b(n) + 6*q(n). Let p = 45 + 10. Calculate the remainder when p is divided by y(8).
17
What is the remainder when 39/(7/2 + -2) is divided by 9?
8
Suppose 0 = d + 3*d - 8. Calculate the remainder when 14 is divided by (-1 - 14/(-4))*d.
4
Let r(q) = 60*q**2 + q. Calculate the remainder when r(1) is divided by (21/9)/(3/27).
19
Let r(n) = -n**2 - 3*n + 3. Let m be r(-3). Suppose m*x = 15 + 15. Calculate the remainder when 7 is divided by x/3 + (-2)/6.
1
Let h = -41 - -60. Let f(q) = -q**3 + 5*q**2 + 8*q - 8. Let g be f(6). Suppose -2*t - g*x = -22, -7*x + 12 = -3*x. What is the remainder when h is divided by t?
4
Let g = -8 - -11. Suppose 2*t - 2 = -0*t, -5*h + g*t = -67. What is the remainder when 26 is divided by h?
12
Suppose -3*f + 14 - 40 = -q, -f = 3*q - 88. Let t(z) = -z + 1. Let n be t(-2). Suppose -32 = -k - n*k. What is the remainder when q is divided by k?
5
Suppose 16 - 2 = -3*t - 4*v, -5*v = -2*t + 29. Let b(g) = g**3 - 3*g + 2. What is the remainder when b(t) is divided by 3?
1
Suppose 2*l = -0*l + 24. Let b(j) be the first derivative of 9*j**4 - 2*j**3/3 + j**2/2 + 4. What is the remainder when b(1) is divided by l?
11
Let o = -2 + 16. Let d = o - 11. Suppose -5*h + 121 = 3*y, -5*h = 4*y - d*h - 152. Calculate the remainder when y is divided by 10.
7
Suppose -o + 117 = 2*t, -9*o + 5*o + 188 = 3*t. Let y(p) = -2*p**3 + 2*p**2 + 4*p + 3. Calculate the remainder when t is divided by y(-2).
18
Suppose 3 = f - 1. Calculate the remainder when f is divided by 2.
0
Let n(m) = 2*m + 6. Let b be n(-4). Let s be (-4 - b)/(4/(-42)). Calculate the remainder when 519/s - (-2)/7 is divided by 9.
7
Let l be (1/2)/(1/(-14)). Let s(y) = y**3 + 9*y**2 + 9*y + 7. Let n be s(-8). Let g = n - l. What is the remainder when 17 is divided by g?
5
Let m(a) = 2*a**2 + 3*a. Calculate the remainder when m(-2) is divided by 1.
0
What is the remainder when 41 is divided by (-108)/(-9) + 2/(-2)?
8
Let w(g) = g + 13. What is the remainder when 29 is divided